9ba + 18?
-5a9a2
In base 11, what is 142 + -733969?
-733827
In base 3, what is -1222 - 101211012222022?
-101211020001021
In base 3, what is 11 + -112110012210120?
-112110012210102
In base 14, what is 70 - d6?
-66
In base 8, what is -3 - 5617771?
-5617774
In base 3, what is 1110211 + -111201121?
-110020210
In base 9, what is 16121 + -2500?
13521
In base 7, what is -5 + 1602614?
1602606
In base 12, what is -3 - -64a38033?
64a38030
In base 8, what is -4 + 5044747?
5044743
In base 13, what is -3915 + -36c10?
-3a825
In base 5, what is 441 + -123323343?
-123322402
In base 15, what is 1 + -99e426?
-99e425
In base 8, what is -2451011 - 1?
-2451012
In base 13, what is -1ccba0260 - -1?
-1ccba025c
In base 10, what is -2 + -20812240?
-20812242
In base 4, what is 0 - -10121301310?
10121301310
In base 9, what is -1266825156 + -1?
-1266825157
In base 8, what is -4065276 - 5?
-4065303
In base 9, what is -4 - 1746122?
-1746126
In base 16, what is -b - -425eae?
425ea3
In base 14, what is -19cc - -5b6?
-1416
In base 12, what is -a8ba0 + 89?
-a8b13
In base 14, what is -630bc - 18?
-630d6
In base 15, what is -b665d - 4ba?
-b6b28
In base 14, what is -b - -154cdd0?
154cdc3
In base 12, what is 72a + -179?
571
In base 4, what is -12213 + 31023013?
31010200
In base 5, what is -1311112 + -41142?
-1402304
In base 4, what is 3002122 + -2133?
2333323
In base 13, what is -1c5 + 291?
99
In base 16, what is -3 + 3106?
3103
In base 16, what is -7c94 + ca2b?
4d97
In base 10, what is -38569691 - -3?
-38569688
In base 13, what is 929 - 71c1?
-6595
In base 13, what is 4 + -248958?
-248954
In base 4, what is -11230021 - 200?
-11230221
In base 12, what is 1a10 - 1478?
554
In base 12, what is a - 1b2a17?
-1b2a09
In base 6, what is 2 - 332120243?
-332120241
In base 3, what is -10000012212 + 22200?
-2222220012
In base 6, what is 1 - 305512304?
-305512303
In base 4, what is 12001300233 - 1?
12001300232
In base 14, what is 0 - -19ac938a?
19ac938a
In base 6, what is -12222102 + -25?
-12222131
In base 14, what is 3b0 - 2077cd?
-20741d
In base 8, what is -45715245 - -5?
-45715240
In base 9, what is 1708 - -54645?
56454
In base 5, what is -3314 - -142441320?
142433001
In base 2, what is -1010011 + 10110111111011?
10110110101000
In base 9, what is -325505714 + 4?
-325505710
In base 2, what is 10100001011110001100001 + 10110110?
10100001011110100010111
In base 8, what is 70773 + -15567?
53204
In base 13, what is -4 + -348767?
-34876b
In base 13, what is -2c8672 - 122?
-2c8794
In base 9, what is 47078 + 173?
47262
In base 4, what is -313 - -1000311320300?
1000311313321
In base 13, what is 100b1 - c69?
c145
In base 6, what is 2502 - 2131410?
-2124504
In base 4, what is -112113132 + -3112?
-112122310
In base 13, what is 0 - 87c643?
-87c643
In base 7, what is -25354 - 2353?
-31040
In base 7, what is -12331 - -332?
-11666
In base 16, what is 39cac - -20c?
39eb8
In base 11, what is -1150 + -1a8782?
-1a9922
In base 3, what is 10 - 110021211122222102?
-110021211122222022
In base 2, what is 10110 - -11011011101111101?
11011011110010011
In base 10, what is -3163117 - -4?
-3163113
In base 12, what is 91 - 9b356?
-9b285
In base 3, what is 2011221112012212101 + 2?
2011221112012212110
In base 15, what is 7ea - -32c?
b27
In base 3, what is 1210100012 - 2221020?
1200101222
In base 3, what is 10110102111112 + -20?
10110102111022
In base 6, what is 553212 - -12252?
1005504
In base 16, what is -3 + -1a2ca5?
-1a2ca8
In base 8, what is 754 - 33156?
-32202
In base 7, what is 13216 + 126253?
142502
In base 14, what is 1ab9 + 718?
23d3
In base 8, what is -56325774 - -141?
-56325633
In base 4, what is -212303 + -1013010231?
-1013223200
In base 12, what is 44ba - -47?
4545
In base 2, what is -1111111101010101 - -100100?
-1111111100110001
In base 15, what is 70d2b8 + 45?
70d30d
In base 2, what is 10 - 10100110000001110110001011?
-10100110000001110110001001
In base 12, what is -3b6 - -104496?
1040a0
In base 12, what is -2 + 1714b456?
1714b454
In base 2, what is 111011 - -100100111100001000011?
100100111100001111110
In base 4, what is -12 + 20330103312?
20330103300
In base 13, what is -6 - -c933b?
c9335
In base 9, what is -23 - -633344?
633321
In base 12, what is -5 + -800161b?
-8001624
In base 2, what is 10010 - 11110001111000010001011?
-11110001111000001111001
In base 8, what is 20755576 + -5?
20755571
In base 14, what is -8 - -bb5111?
bb5107
In base 8, what is -23162612 + 32?
-23162560
In base 9, what is -56 + -277755?
-277822
In base 8, what is -4 - 76015205?
-76015211
In base 4, what is -11 - 13330332002131?
-13330332002202
In base 5, what is 11 + 230123310141?
230123310202
In base 5, what is -110421231 - -204?
-110421022
In base 15, what is 3c1c2 - -18c2?
3da94
In base 13, what is -7178 + cc?
-7079
In base 16, what is 38089e - c?
380892
In base 8, what is -241446213 - -6?
-241446205
In base 3, what is -1 + 20211222010?
20211222002
In base 10, what is -6 + 140378766?
140378760
In base 9, what is 20 + 2487321?
2487341
In base 7, what is 121114641 - -1?
121114642
In base 16, what is 4 - 446fdcb?
-446fdc7
In base 12, what is 30b710 + 125?
30b835
In base 12, what is -310 + -66a59a?
-66a8aa
In base 15, what is 46bda - 315?
468c5
In base 4, what is -13122 - -2111111?
2031323
In base 10, what is -171 - 296611?
-296782
In base 6, what is 121210 + 10521?
132131
In base 7, what is -2001352 + -54?
-2001436
In base 10, what is 9813 + -1340?
8473
In base 16, what is -2242a4 + b?
-224299
In base 12, what is -39 + -7a0a9?
-7a126
In base 12, what is 13a - 7675?
-7537
In base 4, what is 11 - -302112300001?
302112300012
In base 11, what is 5 - 26424195?
-26424190
In base 7, what is -25103 - 1410?
-26513
In base 13, what is 37 - 138b76?
-138b3c
In base 10, what is 14 + 15430?
15444
In base 4, what is 1110323123 - 23?
1110323100
In base 14, what is -9dd87 - -6c?
-9dd19
In base 10, what is -57584813 + 1?
-57584812
In base 5, what is 1012 - -20034220?
20040232
In base 11, what is 9 - -2089583?
2089591
In base 15, what is 6b0e4a31 + 0?
6b0e4a31
In base 6, what is -5 - -1255032305?
1255032300
In base 16, what is -19468 + -150?
-195b8
In base 11, what is 47a575 - 8?
47a568
In base 15, what is -903d5459 - 4?
-903d545d
In base 9, what is -123713872 - -6?
-123713865
In base 11, what is 285a93184 - -1?
285a93185
In base 6, what is -15100241154 + 0?
-15100241154
In base 12, what is abb22a - 4?
abb226
In base 7, what is -602344362 - 15?
-602344410
In base 4, what is -23303110321 - -1?
-23303110320
In base 6, what is -44005035 + -2?
-44005041
In base 15, what is 5e94 - bce6?
-5d52
In base 8, what is -247076 + -6127?
-255225
In base 15, what is 4 + -deeb3?
-deeae
In base 6, what is -1141442 - 23?
-1141505
In base 3, what is 112 - -11010022110110010?
11010022110110122
In base 7, what is 12431 - 1301661?
-1256230
In base 12, what is 96a - -35a2?
4350
In base 12, what is 636b651 + 4?
636b655
In base 7, what is 566 + 303140?
304036
In base 9, what is 238 + 120352?
120601
In base 7, what is 5 - 2420461244?
-2420461236
In base 5, what is 0 - -12202124401?
12202124401
In base 2, what is -10110000010011101000 + -1001101111?
-10110000011101010111
In base 4, what is 2 - -31000302133?
31000302201
In base 15, what is -38b + 919b?
8d10
In base 9, what is 2 + 218281142?
218281144
In base 4, what is -13222 - -202310001?
202230113
In base 14, what is -22 + 71aa5cd?
71aa5ab
In base 14, what is 2a + 117011?
11703b
In base 12, what is 1635515a - -2?
16355160
In base 6, what is 1024 - 525025?
-524001
In base 13, what is -b8 + 13ba9?
13ac1
In base 7, what is 245510126 - -6?
245510135
In base 15, what is -1eace + 129?
-1e9a5
In base 5, what is 2142203443 + 2?
2142204000
In base 4, what is 320011 - -102310?
1022321
In base 15, what is -1718e79 + a?
-1718e6e
In base 6, what is 1 + -1350424440?
-1350424435
In base 9, what is 7 - 15126244?
-15126236
In base 8, what is 65 + -1206075?
-1206010
In base 3, what is 1120211012202 + 0?
1120211012202
In base 15, what is 1 + -198b605?
-198b604
In base 4, what is 1002321032230 + -2?
1002321032222
In base 3, what is 11 - -110200022101010?
110200022101021
In base 4, what is -3 + 133200103112?
133200103103
In base 16, what is 316b - 3f95?
-e2a
In base 9, what is -1810 - -7484?
5574
In base 9, what is 3561 + -2256?
1304
In base 7, wh